789 prime?
True
Is 388757 prime?
True
Is 7723 a composite number?
False
Is 257563 a prime number?
False
Is 24686 a prime number?
False
Is 95179 prime?
False
Is 11971 a prime number?
True
Is 63785 prime?
False
Is 34123 composite?
False
Is 303299 a composite number?
False
Is 143095 composite?
True
Is 38501 a composite number?
False
Is 1501583 composite?
False
Is 6121 a prime number?
True
Is 127109 a composite number?
True
Is 809 a prime number?
True
Is 17965 a prime number?
False
Is 19517 composite?
True
Is 82757 a composite number?
False
Is 19619 prime?
False
Is 700591 composite?
False
Is 132241 a composite number?
False
Is 1132403 composite?
False
Is 30127 a composite number?
True
Is 12526 composite?
True
Is 9527 a prime number?
False
Is 34753 a composite number?
True
Is 22739 a prime number?
True
Is 25561 a prime number?
True
Is 120307 a prime number?
False
Is 1548849 prime?
False
Is 4111 prime?
True
Is 137867 composite?
False
Is 577579 a composite number?
True
Is 12373 composite?
False
Is 126353 prime?
False
Is 1973 composite?
False
Is 10007 a prime number?
True
Is 63389 a prime number?
True
Is 28349 a composite number?
False
Is 100279 prime?
True
Is 4621 a composite number?
False
Is 26057 prime?
False
Is 23969 prime?
False
Is 1895 a prime number?
False
Is 1544311 composite?
False
Is 514099 a composite number?
True
Is 7621 composite?
False
Is 230929 a prime number?
True
Is 26489 a prime number?
True
Is 11863 composite?
False
Is 25337 prime?
False
Is 48017 composite?
False
Is 2370281 composite?
False
Is 1421657 a prime number?
False
Is 88169 composite?
False
Is 9377 composite?
False
Is 18293 a prime number?
False
Is 3433719 composite?
True
Is 68903 a composite number?
False
Is 12523 a prime number?
False
Is 241022 a prime number?
False
Is 543369 prime?
False
Is 54911 composite?
True
Is 118127 prime?
True
Is 539499 composite?
True
Is 109357 a prime number?
True
Is 12849 prime?
False
Is 78301 composite?
False
Is 292363 a prime number?
True
Is 2025011 a composite number?
True
Is 225242 a prime number?
False
Is 6547 a composite number?
False
Is 11873 a composite number?
True
Is 20609 composite?
True
Is 19777 a composite number?
False
Is 314179 composite?
True
Is 359207 a composite number?
False
Is 60173 a prime number?
False
Is 504767 a composite number?
False
Is 34415 composite?
True
Is 1270021 composite?
True
Is 97445 a composite number?
True
Is 8431 a prime number?
True
Is 8501 composite?
False
Is 29347 a composite number?
False
Is 527057 composite?
False
Is 809 a prime number?
True
Is 158789 prime?
False
Is 6127 a composite number?
True
Is 238115 a composite number?
True
Is 1673 a prime number?
False
Is 1087 a composite number?
False
Is 2939 a composite number?
False
Is 23419 a composite number?
True
Is 6537 a composite number?
True
Is 4339 a prime number?
True
Is 5753 a prime number?
False
Is 1917809 composite?
True
Is 33541 prime?
False
Is 65401 composite?
True
Is 34393 composite?
True
Is 1285451 prime?
True
Is 18227 composite?
True
Is 14743 prime?
False
Is 657059 composite?
True
Is 2267 a prime number?
True
Is 200471 a composite number?
True
Is 85973 composite?
True
Is 18823 a composite number?
True
Is 233477 a composite number?
False
Is 51631 composite?
False
Is 42061 a prime number?
True
Is 749827 prime?
False
Is 323903 prime?
True
Is 103749 a prime number?
False
Is 7867 a prime number?
True
Is 590165 a composite number?
True
Is 430393 composite?
False
Is 350543 a composite number?
True
Is 93153 composite?
True
Is 4074521 a composite number?
True
Is 948659 a prime number?
True
Is 1018 prime?
False
Is 10223 composite?
False
Is 47239 a prime number?
False
Is 5857 a composite number?
False
Is 552283 prime?
True
Is 45347 a prime number?
False
Is 123559 a composite number?
True
Is 46711 composite?
True
Is 88993 a prime number?
True
Is 701 composite?
False
Is 1223 composite?
False
Is 502126 prime?
False
Is 27143 prime?
True
Is 46031 prime?
False
Is 16381 a prime number?
True
Is 61529 a composite number?
True
Is 125707 composite?
False
Is 595139 prime?
True
Is 3967 a prime number?
True
Is 2129 a composite number?
False
Is 120671 a prime number?
True
Is 523 prime?
True
Is 1471 a prime number?
True
Is 8663 a prime number?
True
Is 606997 prime?
True
Is 70453 a composite number?
True
Is 55353 a composite number?
True
Is 4265 a composite number?
True
Is 12071 a prime number?
True
Is 8209 a prime number?
True
Is 219433 a composite number?
False
Is 18227 a composite number?
True
Is 59509 a composite number?
False
Is 1661657 a prime number?
False
Is 229243 a prime number?
False
Is 190823 prime?
True
Is 25223 prime?
False
Is 10135 prime?
False
Is 16499 prime?
False
Is 38261 composite?
False
Is 218797 composite?
False
Is 64671 composite?
True
Is 1030307 a prime number?
True
Is 53 a prime number?
True
Is 7537 a prime number?
True
Is 3427 composite?
True
Is 1361 a prime number?
True
Is 19921 a prime number?
False
Is 20329 a composite number?
True
Is 11441 prime?
False
Is 307831 a prime number?
True
Is 1038143 prime?
True
Is 1594 a prime number?
False
Is 5458 prime?
False
Is 22535 a prime number?
False
Is 2705 prime?
False
Is 7117 composite?
True
Is 96935 composite?
True
Is 10111 prime?
True
Is 54521 a composite number?
False
Is 4083 composite?
True
Is 234521 a prime number?
False
Is 441377 composite?
True
Is 474167 a composite number?
True
Is 105871 a prime number?
True
Is 43853 a composite number?
False
Is 167711 a prime number?
True
Is 340519 a composite number?
False
Is 43402 composite?
True
Is 1267183 composite?
False
Is 52139 a composite number?
True
Is 2147 a prime number?
False
Is 8467 prime?
True
Is 97537 prime?
False
Is 24131 a prime number?
False
Is 2042969 a composite number?
False
Is 1906797 composite?
True
Is 243959 a prime number?
False
Is 936695 a prime number?
False
Is 1244951 prime?
False
Is 81539 composite?
True
Is 85849 prime?
False
Is 65357 prime?
True
Is 2767 a prime number?
True
Is 3587 a prime number?
False
Is 50821 prime?
True
Is 907 a prime number?
True
Is 4381 a prime number?
False
Is 299317 a prime number?
True
Is 128813 a composite number?
False
Is 9469 composite?
True
Is 9097 a prime number?
False
Is 90583 prime?
True
Is 18059 composite?
False
Is 1685 a composite number?
True
Is 6429 a prime number?
False
Is 143615 prime?
False
Is 34631 a composite number?
False
Is 271261 composite?
False
Is 63347 composite?
False
Is 26561 prime?
True
Is 50289 a composite number?
True
Is 315839 a composite number?
True
Is 5371 composite?
True
Is 3149 a composite number?
True
Is 30727 prime?
True
Is 467 a composite number?
False
Is 4685 a composite number?
True
Is 326065 a composite number?
True
Is 2447 composite?
False
Is 7169 a composite number?
True
Is 931477 prime?
False
Is 10477 a composite number?
False
Is 20053 a prime number?
False
Is 9901 a composite number?
False
Is 1126 a prime number?
False
Is 131203 prime?
True
Is 55117 a composite number?
False
Is 316339 prime?
True
Is 533447 a prime number?
True
Is 89483 prime?
False
Is 1804973 a composite number?
False
Is 389177 a composite number?
True
Is 14761 a prime number?
False
Is 2759739 prime?
False
Is 6841 a prime number?
True
Is 19445 composite?
True
Is 2563 a composite number?
True
Is 15539 a composite number?
True
Is 9901 composite?
False
Is 87793 composite?
False
Is 7183 a prime number?
False
Is 7993 prime?
True
Is 30029 prime?
True
Is 88411 a prime number?
True
Is 95541 a prime number?
False
Is 145177 prime?
True
Is 221207 prime?
False
Is 2999 prime?
True
Is 77677 a composite number?
True
Is 16867 a composite number?
True
Is 5027 a composite number?
True
Is 17657 prime?
True
Is 7621 a prime number?
True
Is 14837 prime?
False
Is 908287 a composite number?
False
Is 169147 prime?
False
Is 7669 prime?
True
Is 198427 a prime number?
True
Is 493 composite?
True
Is 9335 composite?
True
Is 100691 prime?
False
Is 723446 a prime number?
False
Is 1727 composite?
True
Is 64427 composite?
True
Is 7543 a prime number?
False
Is 116954 composite?
True
Is 75253 a composite number?
False
Is 2589085 composite?
True
Is 433393 composite?
False
Is 5033 composite?
True
Is 2603 a composite number?
True
Is 7051 composite?
True
Is 67973 composite?
True
Is 259955 a composite number?
True
Is 369557 a comp